f 324768?
4
What is the tens digit of 388399?
9
What is the hundred thousands digit of 321389?
3
What is the thousands digit of 1880994?
0
What is the units digit of 286201?
1
What is the tens digit of 483147?
4
What is the hundreds digit of 227796?
7
What is the hundred thousands digit of 8095471?
0
What is the hundreds digit of 163438?
4
What is the ten thousands digit of 904802?
0
What is the hundred thousands digit of 6739853?
7
What is the ten thousands digit of 315020?
1
What is the tens digit of 1507203?
0
What is the hundreds digit of 1044405?
4
What is the units digit of 801838?
8
What is the millions digit of 7118132?
7
What is the thousands digit of 1182047?
2
What is the thousands digit of 246697?
6
What is the ten thousands digit of 235266?
3
What is the millions digit of 1879805?
1
What is the thousands digit of 1357059?
7
What is the hundreds digit of 6459524?
5
What is the hundreds digit of 522310?
3
What is the hundreds digit of 2765663?
6
What is the units digit of 4165498?
8
What is the thousands digit of 53781?
3
What is the thousands digit of 678336?
8
What is the tens digit of 24814951?
5
What is the hundreds digit of 5688695?
6
What is the tens digit of 2059707?
0
What is the hundreds digit of 4044457?
4
What is the ten thousands digit of 9418545?
1
What is the tens digit of 8866?
6
What is the units digit of 3719607?
7
What is the hundred thousands digit of 8776958?
7
What is the units digit of 738281?
1
What is the hundred thousands digit of 11985312?
9
What is the ten millions digit of 19799265?
1
What is the ten thousands digit of 181861?
8
What is the ten thousands digit of 507930?
0
What is the thousands digit of 720576?
0
What is the thousands digit of 33985?
3
What is the hundred thousands digit of 32781992?
7
What is the hundreds digit of 13497592?
5
What is the tens digit of 41457?
5
What is the units digit of 1685894?
4
What is the hundreds digit of 9779467?
4
What is the units digit of 5865662?
2
What is the tens digit of 2433751?
5
What is the hundred thousands digit of 400331?
4
What is the hundreds digit of 647535?
5
What is the tens digit of 152810?
1
What is the tens digit of 4979539?
3
What is the ten thousands digit of 1627137?
2
What is the thousands digit of 1946955?
6
What is the tens digit of 7250130?
3
What is the units digit of 19081573?
3
What is the units digit of 14298563?
3
What is the millions digit of 8589675?
8
What is the ten thousands digit of 506048?
0
What is the hundred thousands digit of 185080?
1
What is the thousands digit of 75743?
5
What is the tens digit of 1873430?
3
What is the hundreds digit of 22928?
9
What is the thousands digit of 1068689?
8
What is the ten thousands digit of 5272014?
7
What is the units digit of 110070?
0
What is the tens digit of 283122?
2
What is the hundred thousands digit of 113091?
1
What is the hundred thousands digit of 394633?
3
What is the tens digit of 71787?
8
What is the tens digit of 126723?
2
What is the thousands digit of 1975?
1
What is the tens digit of 9604283?
8
What is the thousands digit of 413413?
3
What is the hundreds digit of 3685311?
3
What is the hundreds digit of 4572073?
0
What is the thousands digit of 467348?
7
What is the hundreds digit of 878179?
1
What is the millions digit of 7955267?
7
What is the hundreds digit of 178765?
7
What is the ten thousands digit of 228972?
2
What is the thousands digit of 10097536?
7
What is the hundreds digit of 12565?
5
What is the thousands digit of 228282?
8
What is the ten thousands digit of 439974?
3
What is the tens digit of 133023?
2
What is the millions digit of 8017819?
8
What is the ten thousands digit of 432725?
3
What is the tens digit of 355155?
5
What is the units digit of 2262670?
0
What is the tens digit of 242123?
2
What is the ten thousands digit of 359040?
5
What is the hundreds digit of 6262951?
9
What is the hundred thousands digit of 2341268?
3
What is the tens digit of 41945834?
3
What is the units digit of 36359?
9
What is the units digit of 2625957?
7
What is the hundred thousands digit of 144123?
1
What is the ten thousands digit of 159579?
5
What is the hundreds digit of 2633687?
6
What is the hundreds digit of 10461084?
0
What is the ten thousands digit of 848198?
4
What is the tens digit of 3385424?
2
What is the hundreds digit of 354002?
0
What is the units digit of 255780?
0
What is the hundred thousands digit of 6629810?
6
What is the thousands digit of 21657165?
7
What is the ten thousands digit of 4064430?
6
What is the units digit of 39403?
3
What is the thousands digit of 566942?
6
What is the thousands digit of 411404?
1
What is the thousands digit of 11494731?
4
What is the tens digit of 504385?
8
What is the tens digit of 1363299?
9
What is the tens digit of 5048093?
9
What is the hundreds digit of 9557?
5
What is the ten thousands digit of 7701911?
0
What is the units digit of 1573103?
3
What is the units digit of 3667319?
9
What is the ten thousands digit of 5818037?
1
What is the units digit of 1300822?
2
What is the hundred thousands digit of 246943?
2
What is the hundred thousands digit of 219711?
2
What is the tens digit of 16267332?
3
What is the tens digit of 47544?
4
What is the millions digit of 1312087?
1
What is the hundred thousands digit of 144550?
1
What is the hundred thousands digit of 309468?
3
What is the ten thousands digit of 1378458?
7
What is the millions digit of 6063143?
6
What is the tens digit of 13066298?
9
What is the hundred thousands digit of 16032116?
0
What is the thousands digit of 1430265?
0
What is the hundreds digit of 16414147?
1
What is the hundreds digit of 44323?
3
What is the tens digit of 12308578?
7
What is the hundreds digit of 1326783?
7
What is the hundreds digit of 387401?
4
What is the hundred thousands digit of 10736614?
7
What is the hundreds digit of 536052?
0
What is the ten thousands digit of 8411525?
1
What is the tens digit of 4525495?
9
What is the hundreds digit of 164991?
9
What is the millions digit of 7185636?
7
What is the hundred thousands digit of 522454?
5
What is the ten thousands digit of 9718700?
1
What is the millions digit of 8149981?
8
What is the ten thousands digit of 26230755?
3
What is the hundreds digit of 560350?
3
What is the thousands digit of 4058921?
8
What is the hundred thousands digit of 365832?
3
What is the units digit of 5815?
5
What is the ten thousands digit of 34953578?
5
What is the ten thousands digit of 546805?
4
What is the ten thousands digit of 4031941?
3
What is the ten thousands digit of 1120118?
2
What is the hundred thousands digit of 600139?
6
What is the tens digit of 1031879?
7
What is the tens digit of 168337?
3
What is the hundred thousands digit of 807413?
8
What is the hundred thousands digit of 25732255?
7
What is the tens digit of 2998415?
1
What is the tens digit of 79566?
6
What is the thousands digit of 7405376?
5
What is the hundreds digit of 1521251?
2
What is the ten thousands digit of 152716?
5
What is the ten thousands digit of 157480?
5
What is the millions digit of 1615338?
1
What is the hundreds digit of 7157828?
8
What is the thousands digit of 455611?
5
What is the hundreds digit of 20751126?
1
What is the ten thousands digit of 41684?
4
What is the thousands digit of 736911?
6
What is the hundreds digit of 356381?
3
What is the tens digit of 22950?
5
What is the thousands digit of 326267?
6
What is the hundreds digit of 74508?
5
What is the millions digit of 3506243?
3
What is the hundred thousands digit of 1467132?
4
What is the hundred thousands digit of 136355?
1
What is the hundreds digit of 130890?
8
What is the hundreds digit of 3123511?
5
What is the ten thousands digit of 223275?
2
What is the units digit of 205208?
8
What is the tens digit of 1938081?
8
What is the thousands digit of 356279?
6
What is the ten thousands digit of 535705?
3
What is the ten thousands digit of 3142798?
4
What is the millions digit of 3447203?
3
What is the ten thousands digit of 2119404?
1
What is the hundreds digit of 1925872?
8
What is the millions digit of 26084166?
6
What is the ten thousands digit of 30654690?
5
What is the units digit of 2291604?
4
What is the tens digit of 704035?
3
What is the hundred thousands digit of 10035024?
0
